In base 14, what is 3dd - -4?
403
In base 13, what is -20ab + -1?
-20ac
In base 11, what is 205 + -6?
1aa
In base 10, what is 2 - 29?
-27
In base 4, what is 3323 - -2?
3331
In base 6, what is -4250 - 3?
-4253
In base 12, what is -9a - -1?
-99
In base 2, what is -11100110 - -10111?
-11001111
In base 7, what is -1 - -11?
10
In base 5, what is -10 - 4422?
-4432
In base 13, what is -8 - -134?
129
In base 8, what is 2117 + -2?
2115
In base 15, what is 217 - 0?
217
In base 8, what is -343 + -135?
-500
In base 16, what is -206 - 1?
-207
In base 10, what is -5 - 655?
-660
In base 5, what is 103 - 310?
-202
In base 5, what is -42 - 0?
-42
In base 6, what is -251 - -4?
-243
In base 9, what is 537 + 25?
563
In base 15, what is 3 - -176?
179
In base 9, what is 256 + -2?
254
In base 4, what is 233 + 22?
321
In base 5, what is -101113 - 2?
-101120
In base 16, what is -8e + 2?
-8c
In base 14, what is -2b20 + -4?
-2b24
In base 15, what is 8 + -15?
-c
In base 14, what is -5 - 3?
-8
In base 14, what is 0 + 3c?
3c
In base 9, what is -5 - -10152?
10146
In base 3, what is -221202 - -2?
-221200
In base 9, what is -3 - -634?
631
In base 14, what is -35 + -3?
-38
In base 14, what is -14 - 171?
-185
In base 3, what is 122 + -1110?
-211
In base 10, what is 751 - 3?
748
In base 7, what is -14311 + -4?
-14315
In base 2, what is 10 + 1011?
1101
In base 10, what is -5743 - 4?
-5747
In base 5, what is -11044 + 1?
-11043
In base 15, what is -1 - 7e?
-80
In base 16, what is 1 + 6b8?
6b9
In base 11, what is 5 - 21?
-17
In base 8, what is 4 + -576?
-572
In base 7, what is 20003 + 0?
20003
In base 5, what is -30433 - -2?
-30431
In base 3, what is -1 - -1111?
1110
In base 3, what is 102 - -20001?
20110
In base 14, what is 1 - -1298?
1299
In base 14, what is -2d5b - -4?
-2d57
In base 6, what is -3 - 10435?
-10442
In base 16, what is 449 - -5?
44e
In base 11, what is -5 + -892?
-897
In base 3, what is -202 - 212?
-1121
In base 2, what is 10011 - 1010?
1001
In base 6, what is -502 + 2?
-500
In base 13, what is -2 - -37?
35
In base 5, what is 2114 - -2?
2121
In base 11, what is 86 + -3?
83
In base 6, what is 10 - 20?
-10
In base 8, what is 5 + -307?
-302
In base 6, what is -5 + -14?
-23
In base 7, what is -51 + 234?
153
In base 13, what is 337 - 2?
335
In base 12, what is -792 - 1?
-793
In base 13, what is 90 - -3?
93
In base 5, what is -23 - -1310?
1232
In base 2, what is 10 - 1100010?
-1100000
In base 2, what is -110100 - -100101?
-1111
In base 16, what is -b - -267?
25c
In base 5, what is -3 + 101?
43
In base 7, what is -15 + 34?
16
In base 6, what is 4 - 31?
-23
In base 5, what is 121311 + 3?
121314
In base 16, what is -17 + 22?
b
In base 8, what is 55 - -115?
172
In base 9, what is -45 - 0?
-45
In base 15, what is -2a5 + 5?
-2a0
In base 10, what is 5 - 244?
-239
In base 14, what is 19c - 3?
199
In base 12, what is -218a + 0?
-218a
In base 16, what is 0 - 1e8?
-1e8
In base 7, what is 6 - 4001?
-3662
In base 9, what is -3 + -360?
-363
In base 3, what is -11 + -122?
-210
In base 15, what is 4 + -1d?
-19
In base 3, what is -102 + -11?
-120
In base 12, what is 0 + -982?
-982
In base 12, what is 113 - -7?
11a
In base 7, what is 131130 + -1?
131126
In base 2, what is 1100111 - 111?
1100000
In base 8, what is -23 + 11?
-12
In base 13, what is 1b + 26?
44
In base 3, what is 11 + -212?
-201
In base 5, what is -134 - -43?
-41
In base 6, what is -3 + -1131?
-1134
In base 7, what is 150 + 14?
164
In base 5, what is 1 + -24321?
-24320
In base 14, what is 5 + -23?
-1c
In base 13, what is 1c4 - 10?
1b4
In base 5, what is -201 - -12?
-134
In base 12, what is 3b - 3?
38
In base 15, what is -c - -8?
-4
In base 9, what is 758 + -4?
754
In base 6, what is 3231 - 5?
3222
In base 15, what is 1 - -7a6?
7a7
In base 3, what is 1 - 1002?
-1001
In base 6, what is 101 + 1003?
1104
In base 3, what is -22210 - 2?
-22212
In base 8, what is -4 + -2062?
-2066
In base 8, what is 572 + -2?
570
In base 10, what is -284 - -10?
-274
In base 6, what is 110 + -5?
101
In base 10, what is -1 - -781?
780
In base 12, what is -2 - -70?
6a
In base 15, what is -27 + 6?
-21
In base 5, what is -312 - -1?
-311
In base 3, what is -2011 + -100111?
-102122
In base 14, what is 5 - -182?
187
In base 14, what is -10bc - 3?
-10c1
In base 7, what is -261 + 160?
-101
In base 16, what is -43 - 2?
-45
In base 6, what is 3 + 13043?
13050
In base 9, what is -268 + -3?
-272
In base 12, what is -2 + 102b?
1029
In base 14, what is -1235 - -3?
-1232
In base 10, what is 104 - -136?
240
In base 12, what is -5b4 - 2?
-5b6
In base 5, what is -1 - -233?
232
In base 4, what is -2000333 - -1?
-2000332
In base 10, what is -3 + -82?
-85
In base 5, what is -204 - -302?
43
In base 8, what is 3 - -1464?
1467
In base 15, what is -263 + 3?
-260
In base 2, what is 1110001000100 - 11?
1110001000001
In base 5, what is 3 - -21141?
21144
In base 7, what is -3 + -2321?
-2324
In base 9, what is 5063 - 5?
5057
In base 4, what is -33 - 12323?
-13022
In base 9, what is -276 + 7?
-268
In base 5, what is 21 - 401?
-330
In base 11, what is 308 - 0?
308
In base 9, what is -2 + -70?
-72
In base 4, what is 13 - -1212?
1231
In base 11, what is -83 - -4?
-7a
In base 10, what is -141 + 56?
-85
In base 10, what is 0 + 69?
69
In base 16, what is -62b - 5?
-630
In base 10, what is 14 - 450?
-436
In base 5, what is 1 + -11003?
-11002
In base 6, what is 105 - 3?
102
In base 13, what is -6 + -36?
-3c
In base 15, what is 57 - 9?
4d
In base 6, what is 103 - -143?
250
In base 7, what is 2 + -32130?
-32125
In base 12, what is 4 + -6ba?
-6b6
In base 15, what is -20 - -223?
203
In base 13, what is 8 + -544?
-539
In base 9, what is -124 - 262?
-386
In base 13, what is 1 + 23?
24
In base 4, what is -13 + 1022?
1003
In base 15, what is 1 - 70?
-6e
In base 3, what is -11020 - 2?
-11022
In base 3, what is -1211 - -10001?
1020
In base 7, what is 1 - -3045?
3046
In base 11, what is 5 + 4371?
4376
In base 11, what is -1a44 + -4?
-1a48
In base 11, what is -16 + 23?
8
In base 6, what is -13421 - 5?
-13430
In base 15, what is -a + ab?
a1
In base 12, what is 104b - 2?
1049
In base 7, what is -2 + 66?
64
In base 14, what is 54 + 3?
57
In base 4, what is 22321 - 23?
22232
In base 4, what is -1 + -1120?
-1121
In base 5, what is -403244 - 2?
-403301
In base 2, what is -101 - 110101011?
-110110000
In base 3, what is -1012 + 12?
-1000
In base 6, what is -4 + -341?
-345
In base 7, what is 5115 + 3?
5121
In base 5, what is -322 + 42?
-230
In base 16, what is 740b + 1?
740c
In base 9, what is -316 - -3?
-313
In base 7, what is 3 - 25652?
-25646
In base 14, what is 4 - 2d?
-29
In base 12, what is 1b - -3?
22
In base 5, what is -13 + -12?
-30
In base 14, what is 2 + 56?
58
In base 5, what is -40141 - -1?
-40140
In base 12, what is 1 + -230?
-22b
In base 12, what is -15 + 3b?
26
In base 9, what is 21 - -20?
41
In base 15, what is 682e + 5?
6834
In base 13, what is 4 - 1b3?
-1ac
In base 3, what is -101200 - 1?
-101201
In base 14, what is -427 - -4?
-423
In base 6, what is -54 + -22?
-120
In base 13, what is -6 + 5?
-1
In base 13, what is -a + -23?
-30
In base 14, what is -1 - 260?
-261
In base 5, what is 1 + 2133?
2134
In base 5, what is 0 - -23?
23
In base 2, what is 10001 - 110?
1011
In base 8, what is -500 + 7?
-471
In base 3, what is 101 - 100120?
-100012
In base 14, what is 1 - d5?
-d4
In base 11, what is 3 + -2027?
-2024
In base 7, what is 51453 + -4?
51446
In base 7, what is -5 - 31453?
-31461
In base 10, what is 137 + -3?
134
In base 5, what is -11 + -10140?
-10201
In base 5, what is 0 + 1220?
1220
In base 4, what is -11 + 30121?
30110
In base 10, what is -278 + -10?
-288
In base 15, what is -91c + -6?
-923
In base 13, what is -2 - -24c?
24a
In base 3, what is -10011 - 10?
-10021
In base 2, what is 0 + -100001110011?
-100001110011
In base 14, what is -cd - 1?
-d0
In base 5, what is 2003 - 112?
1341
In base 9, what is -57 + 454?
386
In base 8, what is -1034 - 1?
-1035
In base 10, what is -21 + 2?
-19
In base 8, what is -13143 - -5?
-13136
In base 6, what is 11045 - -5?
11054
In base 9, what is -413 + -4?
-417
In base 6, what is -1 - -4550?
4545
In base 3, what is -12212220 - -1?
-12212212
In base 2, what is 10011010100001 + 101?
10011010100110
In base 15, what is -9 + -42?
-4b
In base 11, what is 14 - 